alculate the remainder when s(-2) is divided by 18.
15
Let x = 34 - 25. What is the remainder when 35 is divided by x?
8
Let y(d) = -d**3 - 6*d**2 - 8*d - 7. Suppose -n = x + 26, 0 = -0*n - n - 3*x - 26. Let c = 47 + n. What is the remainder when c is divided by y(-5)?
5
Suppose 0 = -5*f + 18 + 82. Let g = f + -28. What is the remainder when 5 is divided by -2 + 3*g/(-6)?
1
Calculate the remainder when 2*(-1 - (3 + 76/(-8))) is divided by 5.
1
Let b(c) = -c**3 - 6*c**2 + 3*c + 2. Suppose 14 = -3*u + u. What is the remainder when b(u) is divided by 8?
6
Suppose -51 = 2*w - 5*w. What is the remainder when w is divided by 4?
1
Let z = -67 + 79. Calculate the remainder when z is divided by 3.
0
Let s = 48 + -31. Calculate the remainder when 49 is divided by s.
15
Let z = 90 + -73. Calculate the remainder when 84 is divided by z.
16
Suppose 1 + 5 = -2*u. Calculate the remainder when 110*((-3)/2)/u is divided by 19.
17
Let o = -33 - -46. What is the remainder when 38 is divided by o?
12
Suppose 0 = 2*h - 3*l + 2*l - 14, 26 = 2*h + 2*l. What is the remainder when h is divided by 4?
1
Let i(g) = g + 1. What is the remainder when 33 is divided by i(8)?
6
What is the remainder when (148/(-10))/(18/(-45)) is divided by 23?
14
Let v(h) = h + 3. Let w(c) = 4*c**2 + 1. Let q be w(1). Let k = q - -26. Calculate the remainder when k is divided by v(8).
9
Suppose -38*c = -47*c + 270. Calculate the remainder when 238 is divided by c.
28
Suppose 3*q - u + 81 = 8*q, q - 5*u = 37. Calculate the remainder when 31 is divided by q.
14
Let w(k) = k**2 + 21*k - 31. Calculate the remainder when 81 is divided by w(-24).
40
Let r(k) = 2*k + 15. Calculate the remainder when r(11) is divided by 15.
7
Let d(n) = n**3 - 5*n**2 - 5*n. Let j(c) = -2*c - 2. Let m be j(4). Let g = -4 - m. What is the remainder when 17 is divided by d(g)?
5
Suppose -12*j + 201 = -15*j. Let a = -38 - j. Calculate the remainder when a is divided by 10.
9
Let a = -116 - -166. Suppose 5*h - 2*h + f - a = 0, -4*h + 71 = -3*f. Suppose w = -c + 11, w = 3*c - 6*c + 15. What is the remainder when h is divided by w?
8
Suppose 0 = -h - 7 + 26. What is the remainder when h is divided by 4?
3
Let l = -14 + 27. What is the remainder when l is divided by 7?
6
Let x(n) = -n**3 + n**2 + n + 13. What is the remainder when (1/2)/((-5)/(-370)) is divided by x(0)?
11
Let c(n) = n**2 + 5*n - 16. What is the remainder when c(7) is divided by 10?
8
Suppose -5*g - 2*h = -1031, -2*h - 625 = 2*g - 5*g. Calculate the remainder when g is divided by 42.
39
Let f(y) = 3*y**2 + 3*y. Suppose 12 = 3*q, 44 - 12 = -4*a + 5*q. Let p be f(a). Let t = p + -9. What is the remainder when 26 is divided by t?
8
Suppose -5*w + 5*f + 41 = -69, 0 = 5*w - 4*f - 112. Suppose -66 = -2*y - 4*j, -y - 5*j = -w - 24. Calculate the remainder when 44 is divided by y.
21
What is the remainder when 4/18 - 3916/(-36) is divided by 10?
9
Suppose 0*b = 3*b - 6. Suppose 0 = -3*o + 2*l + 145, -2*o - b*l = 2*l - 102. Calculate the remainder when o is divided by 17.
15
Let h(a) = -2*a - 3. Let u be h(-4). Suppose 5*g = u*d + 35 + 30, 0 = -5*g - d + 47. What is the remainder when 28 is divided by g?
8
Let l(s) = 10*s - 3. Suppose 0 = 3*d + 1 - 7. Suppose a - 6 = -d*a. Calculate the remainder when 50 is divided by l(a).
16
Let x = 63 - 39. Calculate the remainder when 46 is divided by x.
22
Let n = -2 - -8. Calculate the remainder when 23 is divided by n.
5
Let y be 20/(-2) + (2 - 3). Let l = y + 25. Calculate the remainder when 54 is divided by l.
12
Let j = 128 - 56. Calculate the remainder when j is divided by 25.
22
Let t = 113 + -69. What is the remainder when (t + 2)*2/4 is divided by 13?
10
Suppose 0 = 5*m - 12 - 88. Calculate the remainder when 58 is divided by m.
18
Let i be -3 + 1 - (-207 + -3). Suppose 0 = 5*z + v - 281, -4*z - 4*v = v - i. What is the remainder when z is divided by 15?
12
Let y be -1 + 2 - 2 - -6. Suppose y*m - 221 = -2*k, -52 = -m - k - 2*k. Calculate the remainder when m is divided by (30/(-8))/((-1)/4).
13
Let o(q) = -5*q + 10. Let l(u) = -2*u + 5. Let g(k) = 7*l(k) - 3*o(k). Calculate the remainder when 31 is divided by g(6).
9
Let p(x) = x**2 + x + 6. Calculate the remainder when p(7) is divided by 21.
20
Calculate the remainder when 62 is divided by (-1)/(15/16 - 1).
14
What is the remainder when 1/(-4) + (0 - 162/(-8)) is divided by 7?
6
Let q = 16 - 5. Calculate the remainder when q is divided by ((-1)/2)/(5/(-40)).
3
Let b(r) = 2*r - 4. Suppose 5*s - s - 12 = 0. Let z be b(s). Suppose 0*i + 2*v = 2*i - 52, 0 = -z*i - 2*v + 60. Calculate the remainder when i is divided by 15.
13
Suppose 4*d = -4, 2*g - 8*d = -3*d + 29. Suppose 3*m + 76 = 4*s, 0 = 2*s + 4*m - m - 56. Calculate the remainder when s is divided by g.
10
Suppose -4*z = -5*f + 12, 4*f - 2*z - 3*z - 6 = 0. Calculate the remainder when 42 is divided by (-242)/33*(-6)/f.
9
Let h = -7 - -9. Suppose -h*m - 30 = -7*m. What is the remainder when 17 is divided by m?
5
Let z(d) = -d + 9. Let u be z(6). Calculate the remainder when 56 is divided by -1 + u - 3 - -20.
18
Suppose 4*x - 243 = -5*c + 2*c, 2*c + 258 = 4*x. Calculate the remainder when x is divided by 33.
30
Suppose 0 = -3*k + 6*k - 15. Suppose -k*d + 311 = -3*z, 4*z - 62 + 192 = 2*d. Calculate the remainder when d is divided by 21.
19
Calculate the remainder when 75 is divided by (17 - (6 + 0 + -2)) + -2.
9
Suppose -2*q + 20 = s, 0*s + 2*q + 40 = 5*s. Calculate the remainder when s is divided by 5.
0
Let z(q) = 5*q - 11*q**2 + 4 - q + 12*q**2. Calculate the remainder when 47 is divided by z(-7).
22
Suppose -4*k = 5*v + 30 + 9, 2*v = -3*k - 17. Let a = v + 12. Calculate the remainder when 19 is divided by a.
4
Suppose -124 = -3*f - 2*h - 49, -5*f - 2*h + 121 = 0. Calculate the remainder when 205 is divided by f.
21
Let o(a) = a**2 + 21*a + 16. What is the remainder when o(-21) is divided by 7?
2
What is the remainder when 27 is divided by -1*(-1)/5 + (-345)/(-25)?
13
Suppose 2*v - 4*z = 42, 5*v + 2*z + 2*z = 35. Suppose 2*p = 13 + v. What is the remainder when 35 is divided by p?
11
Let j = 18 + -14. Let s(o) = -o**3 + o**2 + o + 6. Let u be s(0). Calculate the remainder when (-9)/u*(-3 - 1) is divided by j.
2
Let r(m) = m**3 + 5*m**2 + m - 5. What is the remainder when 11 is divided by r(-4)?
4
Let s(t) = 26*t**3 - t + 2. What is the remainder when s(1) is divided by 15?
12
Let i = -41 + 69. What is the remainder when i is divided by 1/(-1) - (6 - 22)?
13
Let i = -105 + 111. Let p be 1*-1 - (-2 - -4). What is the remainder when 86/6 - 2/p is divided by i?
3
Let u be ((-18)/8)/((-6)/(-16)). Calculate the remainder when 22 + 3/(9/u) is divided by 11.
9
Suppose -d = 4*o - 2*d - 153, -4*d + 168 = 4*o. What is the remainder when o is divided by 7?
4
Let s(v) = 0*v**2 + 0*v**2 - 3 - 4*v + 9*v**2. Suppose u + 3*y - 14 = 0, 4*y + y + 56 = 4*u. Calculate the remainder when s(-2) is divided by u.
13
Suppose -2*z + 2*w - 30 = -5*z, -5*z + 50 = w. Let s = z - 1. What is the remainder when s is divided by 6?
3
Let q = 3 - -40. Let y = 69 - q. Calculate the remainder when y is divided by 7.
5
Suppose u + 2*o = -23, -2*o + 0*o = 2*u + 46. Let g be 426/8 + (-1)/4. Let z = u + g. What is the remainder when z is divided by 16?
14
Suppose d + 3*b + 11 = 0, -15 = -5*d - b - 0*b. Let p(q) = q**3 - 2*q**2 - 3*q + 1. What is the remainder when p(d) is divided by 11?
10
Suppose -o - 10 = -26. Suppose 0 = g - 4 - 2. Calculate the remainder when o is divided by g.
4
Suppose 0 = 2*q + q. Suppose q = -4*k - 15 + 71. Calculate the remainder when k is divided by 5.
4
Let j(c) = -c**2 + c + 5. Let h be j(4). Calculate the remainder when (-2)/(-7) - 166/h is divided by 1 + -2 - (-15 + 1).
11
Let b = 132 - 46. Let j(z) = z + 1. Let p be j(2). Suppose b = p*f + 20. What is the remainder when 43 is divided by f?
21
What is the remainder when (13 + 0)/((-3)/(-3)) is divided by (12/(-9))/((-1)/6)?
5
Let o = 75 + -32. What is the remainder when o is divided by 15?
13
Let t(h) = h**3 + 7*h**2 + 7*h + 8. Let k be t(-6). Suppose -11 - 5 = -4*z - k*u, 5*u - 4 = 2*z. Calculate the remainder when 1/(-1) + 4*1 is divided by z.
0
Let i(o) = o**2 + 3*o + 3. What is the remainder when i(-2) is divided by 1?
0
Suppose -5*y + 1 = 226. Let x = -7 - y. Let i(o